
3, 5
Suppose -3*z - s - 64 = -6*z, -4*z = 3*s - 68. What are the prime factors of z?
2, 5
Suppose 3*a = a + 4. Let c be (-1)/a*-4*1. Suppose t + 61 = 5*l + 5*t, -5*l - c*t + 53 = 0. List the prime factors of l.
3
Suppose -h + 2*t = t - 39, 39 = h - 3*t. What are the prime factors of h?
3, 13
List the prime factors of (-150)/(-24) - (-2)/(-8).
2, 3
Let h(p) = -p**3 - p**2 - 2*p - 3. Let q be h(-2). Suppose -q*s + 115 = -0. What are the prime factors of s?
23
Let g(f) = f**2 + 10*f + 23. What are the prime factors of g(-17)?
2, 71
Let v be ((-2)/(-6))/((-1)/9). Let h be 2/v - (-16)/6. What are the prime factors of (-3)/h - 17/(-2)?
7
Let u be (-15)/(-10)*(-176)/(-6). Let j = u + -29. List the prime factors of j.
3, 5
Let d(b) = -4*b - 3. Let z be d(-2). Suppose z*t = 17 + 18. List the prime factors of t.
7
Let h(v) = v**2 - 5*v - 5. Let k be -1*(0 - -1) - -7. Let x be h(k). List the prime factors of (-4*x - -2)*-4.
2
What are the prime factors of 20/(-25)*205/(-2)?
2, 41
Suppose 0 = -5*y + h - 93, -5*h = -y - h - 30. List the prime factors of ((-102)/y)/(2/6).
17
List the prime factors of 0 + 12/8*2.
3
Suppose q + 5*n = -5, q = -0*n + 2*n - 12. Let d = q + 6. List the prime factors of (2 - (-6)/d)*24.
2, 3
Let d be ((-100)/70)/(2/(-14)). Suppose d = 2*g + 3*g. Suppose 2*n - 5*n = 5*r - 43, -2*n + g = 0. What are the prime factors of r?
2
Suppose -34 = -10*r + 9*r. Suppose 0 = 2*k + 4*d - 38, k = -k - 2*d + r. List the prime factors of k.
3, 5
Suppose -5*c + 15 = -2*j, c - 1 = 2. Suppose r = -0*r + 6. Suppose j = s + s - r. What are the prime factors of s?
3
Suppose -2*y = -d + 66, -d - 4*y + 35 = -37. What are the prime factors of d?
2, 17
Let q be 6/(-15) + (-114)/(-10). Suppose g - q = 3. What are the prime factors of g?
2, 7
Suppose -4*b + 27 = -b. Suppose -i = -5*i. Let n = b - i. List the prime factors of n.
3
Let i(t) = -t**3 + 14*t**2 - 15*t + 28. What are the prime factors of i(12)?
2, 17
Let x(r) = -3*r. Let n be x(-1). Suppose n*p + 2*p = 115. What are the prime factors of p?
23
Suppose 5*g - 4*y - 20 = 0, 5*y + 21 + 4 = 3*g. What are the prime factors of (15 - g)*(-4)/(-6)?
2, 5
Suppose 50 = -5*c - n - 4*n, 5*n = 5*c + 30. Let a = -5 - c. List the prime factors of (3/(-2))/(a/(-4)).
2
Let a = 411 - 269. List the prime factors of a.
2, 71
Let y(u) = -4*u - 5. Let v be 0*2/4 - 4. What are the prime factors of y(v)?
11
Suppose -2*g + 4*p = g - 17, 0 = -4*g - 4*p - 24. Let l = g + 4. Suppose -2*s + 1 = -l. What are the prime factors of s?
2
Let v = -7 - -13. Let i(s) = -s**2 + 4*s + 3. Let w be i(v). What are the prime factors of 2/w - (-148)/18?
2
Suppose c + 2 = -5. Let s(i) = -i**2 - 8*i + 1. List the prime factors of s(c).
2
What are the prime factors of (57 - 2) + (-2)/(-6)*3?
2, 7
Let t(g) = -5*g + 10. Let v be t(2). Let b = 4 + -2. Suppose -r = b*r + 4*q - 51, v = 4*r + 2*q - 58. List the prime factors of r.
13
What are the prime factors of 1*(-2 + 33) - 1*-1?
2
Let w = -21 - -23. Suppose w*l + 19 = 3*l. What are the prime factors of l?
19
Let d(n) = 2*n - 29. What are the prime factors of d(21)?
13
Suppose -2*k = -4*i + 1016, -i + 28 + 240 = -4*k. What are the prime factors of i?
2, 3, 7
Let s(t) be the second derivative of -t**5/20 + 2*t**4/3 - t**2/2 - 3*t. Let c be s(8). List the prime factors of ((-33)/12)/(c/4).
11
Suppose -954 = -5*h - 164. What are the prime factors of h?
2, 79
Let b = 15 + 13. What are the prime factors of b?
2, 7
Let x = -25 - -31. Let b = x - -11. What are the prime factors of b?
17
Let s = -17 + 32. What are the prime factors of s?
3, 5
Let h(m) = -m**3 + 10*m**2 - m + 7. Let s be h(10). Let z(f) = f**3 + 3*f**2 + 2*f - 2. Let u be z(s). Let w = -3 - u. What are the prime factors of w?
5
Suppose -25 = -3*z - 0*c + 5*c, c = -4*z - 5. Let t be z*(0 + 1 + -2). Let n = t + 3. What are the prime factors of n?
3
Let j = -12 + 16. What are the prime factors of j?
2
Let t(o) = -4 - o - 8*o**2 - o**3 - 2*o**2 - 4. Suppose -7*m - 40 = -3*m. List the prime factors of t(m).
2
Let g(f) = f + 0*f + 0*f - f**3 - f**2 + 3*f + 1. List the prime factors of g(-4).
3, 11
What are the prime factors of (-411)/(-6) + (-6)/4 + 3?
2, 5, 7
Let g(s) be the first derivative of -s**4/4 + 2*s**3/3 + s**2 - 2*s - 1. Let j be 4 + (2 - (2 + 2)). List the prime factors of g(j).
2
Let y(q) = 2*q**2 - 10*q - 6. Let v be y(8). Let w = v - 25. What are the prime factors of w?
17
Let l = 55 + 43. List the prime factors of l.
2, 7
Suppose -f + 3*f = 0. Let k be (-160)/(-15)*9/2. Suppose f*o = -4*o + k. What are the prime factors of o?
2, 3
Suppose 2*k = -5*m - 21, 4*k + m + 7 = -2*m. Suppose -p + 45 = k*p. List the prime factors of p.
3, 5
What are the prime factors of 15 - (-4 + 3)*1?
2
Let q(c) = c**2 - c. Let b be q(2). Let d(w) = w - 3*w**3 - 3*w - 2*w**3 - 2 + 4*w**3 + 4*w**b. What are the prime factors of d(2)?
2
Suppose 61 = h + 2*z - 3*z, -2*z = 3*h - 163. What are the prime factors of h?
3, 19
What are the prime factors of (-3 - -29) + 0 + -2?
2, 3
Let x(k) = 8*k**2 - 3*k - 14. List the prime factors of x(-4).
2, 3, 7
Suppose 201 = 8*f + 17. List the prime factors of f.
23
Let l = -79 - -176. What are the prime factors of l?
97
Suppose -3*x = -6*x + 39. Let q(m) = 2*m - 3. List the prime factors of q(x).
23
What are the prime factors of 3*-1 - (-56 - 0)?
53
Let s(i) = -10*i + 4. What are the prime factors of s(-3)?
2, 17
Let h(i) = 14*i + 24. What are the prime factors of h(6)?
2, 3
Let z(u) = 13*u**3 - u**2 - u - 3. What are the prime factors of z(2)?
5, 19
Let g be -3*3*2/(-3). Let q be 16/3 + (-2)/6. Let y = g + q. List the prime factors of y.
11
Suppose 3*b - l = -0*b + 1, -3*b = 5*l + 23. Let y = 4 + b. Suppose -y*d = -d - 20. What are the prime factors of d?
2, 5
Suppose 13 = i - 6. Suppose 2*h + 2*y - 13 = i, -52 = -4*h + 2*y. What are the prime factors of h?
2, 7
Let p = -14 - -24. What are the prime factors of (-4)/p*15/(-1)?
2, 3
Suppose 13 = q + 2*w, -33 + 9 = -3*q - 3*w. Let s(x) be the second derivative of x**5/20 - x**4/4 + x**3/3 + 3*x**2/2 + x. What are the prime factors of s(q)?
3
Let a(n) = 4*n + 5. Let d(w) = -3*w - 14. Let l be d(-6). What are the prime factors of a(l)?
3, 7
Let i(n) = -4*n**3 + n**2 + 3*n. Let k be i(3). What are the prime factors of (12/(-10))/(27/k)?
2
Let g = -286 - -601. What are the prime factors of g?
3, 5, 7
Let x(b) = b**3 + 5*b**2 - 5*b - 3. Let c be x(-6). Suppose -2*k + 0*k = 28. List the prime factors of (k/(-6))/((-3)/c).
7
List the prime factors of (0 + 3)/(3/22).
2, 11
Suppose -18 = -s + 5*k, -5 + 11 = -s - 3*k. Suppose 0*c - c = -s. Suppose 0 = c*y - 3*x - 39, 2*x - x + 5 = 0. What are the prime factors of y?
2
Let f(d) = d**3 + 3*d**2 + 2*d + 3. Let k be f(-2). Let u be (-2)/(-3) - (-70)/k. Suppose -2*x + u = 2*x. What are the prime factors of x?
2, 3
Let w = -31 - -46. What are the prime factors of w?
3, 5
Let v = -19 - -86. What are the prime factors of v?
67
Suppose 5*r - 126 = 249. List the prime factors of r.
3, 5
Suppose 5*b + 2*c = -0*c + 129, c + 3 = 0. What are the prime factors of b?
3
Let u = 10 + -5. Suppose -u*v = -118 + 43. List the prime factors of v.
3, 5
Suppose 5*f = 43 + 177. Suppose -4*o = 2*s - 67 - 1, 0 = 3*o + 5*s - f. What are the prime factors of (-2)/(-4)*o*1?
3
Let s = 28 + 27. Suppose -8*v = -3*v - s. List the prime factors of v.
11
Let o = 88 + -81. What are the prime factors of o?
7
Suppose -4*v - 6*z = -2*z + 32, -2*v + 9 = -3*z. Let h = 1 - v. List the prime factors of h.
2
Let a(i) = -i**3 - 6*i**2 - i + 5. Let o be a(-5). What are the prime factors of 12/15*o/(-2)?
2, 3
Let d(l) = 3*l**2 - 8*l - 5. List the prime factors of d(6).
5, 11
Let h = 10 + -6. Suppose 10 = h*p - 10, 2*p = 5*i - 75. What are the prime factors of i?
17
Let q = -1 - -1. Let o(z) = -z**3 + 12*z**2 - 10*z - 13. Let c be o(10). Suppose f + 4 - 3 = q, -4*r - 5*f + c = 0. What are the prime factors of r?
23
Let r(z) = z**3 + 9*z**2 - 13*z - 9. List the prime factors of r(-8).
3, 53
Let s(k) = -7*k**3 + k**2 + k - 2. Let p be s(1). Let t = 19 - 31. Let x = p - t. List the prime factors of x.
5
Let d = -37 - -39. List the prime factors of d.
2
Let q be (106/6)/(2/(-6)). Let k = 28 + q. Let u = -16 - k. List the prime factors of u.
3
Let j(w) = w**3 - 6*w**2 - 4*w - 9. Let p(